of p and 77.
11
Suppose -4*m + 24 = -3*m. Suppose 2*n - 16 = -t, -2*n + m = n - t. What is the greatest common divisor of n and 80?
8
Let y(t) = t**2 - 8*t + 4. Let f be y(8). Suppose 4*l = -3*s + 12, -4*l = s - 6*l - f. Calculate the highest common divisor of 4 and s.
4
Let i = -75 - -144. Suppose 3*u = 3*g - 2*u - 99, 5*u - i = -3*g. Let m(a) = -a**2 - 5*a - 2. Let y be m(-3). Calculate the greatest common factor of g and y.
4
Suppose 5*f + 22 - 202 = 0. Suppose -1 = p - 55. Suppose p + 18 = 4*g. Calculate the highest common divisor of g and f.
18
Let c be (-12)/16 + (-309)/(-12). Let u = -20 + c. What is the greatest common divisor of u and 5?
5
Suppose -4*s + 25 = -4*k + 105, -5*k - 5*s + 70 = 0. Calculate the greatest common factor of k and 85.
17
Suppose -7*q = -5*q - 98. Let t(s) = -6*s**3 - s. Let m be t(-1). What is the greatest common divisor of q and m?
7
Let r = -20 - -56. Calculate the greatest common factor of 9 and r.
9
Suppose 5*m + 2*l + 2*l + 106 = 0, 3*l = -2*m - 48. Suppose 2*c + c = -36. Let x be m/4*16/c. What is the greatest common divisor of 42 and x?
6
Suppose 2*g = -5*v - 14, -3*v + v - 5 = g. Let b(h) = h - 1. Let q be b(g). Suppose 0*d + 3*d - 3 = 0. What is the highest common factor of q and d?
1
Let s = 0 - -3. Let t = -2 + -12. Let u be (-24)/t + 8/28. Calculate the greatest common divisor of s and u.
1
Let o(x) = -5 + 0*x + x + 1 - 2*x. Let v be o(-7). Suppose -h + 22 = -v. What is the highest common factor of 10 and h?
5
Suppose 0 = 3*u - 229 - 101. Let h be ((-24)/16)/((-9)/60). Calculate the highest common factor of u and h.
10
Let y be 174/9 + 2/3. Let q be (-3)/(3/(-14)) - 0. Suppose 3*m = 2*f - q, -m + 12 = 2*f - 5*m. Calculate the greatest common factor of y and f.
10
Let z = -7 + 28. Suppose 2*h - 231 - z = 0. What is the greatest common divisor of 18 and h?
18
Suppose -9*w = -14*w + 460. What is the greatest common factor of 138 and w?
46
Suppose -s - 16 = 3*s. Let p be (-4)/s + 3*3. Let y(g) = -g - 1. Let v be y(-6). Calculate the highest common factor of p and v.
5
Suppose -160 = v - 3*v. What is the highest common factor of 32 and v?
16
Let b = 30 - -62. What is the highest common factor of 23 and b?
23
Let r = 6 - -8. What is the highest common factor of r and 14?
14
Suppose -w = -7 + 3. Suppose 5*d - 10 = 0, -h - w*d - 67 = -6*h. What is the highest common divisor of 135 and h?
15
Suppose 0*r = 4*r - 72. Calculate the highest common factor of r and 2.
2
Let x = 47 + 174. Calculate the highest common divisor of 13 and x.
13
Let b(i) = -17*i + 3 - 4*i + 6*i. Let o be b(-2). Let r be (6*1)/(4 - 2). Calculate the greatest common factor of o and r.
3
Let v be (-1 + (-9)/6)*-22. Suppose -a - 44 = -3*a. Calculate the greatest common factor of a and v.
11
Suppose -2*x = -0*x + 104. Let l = -79 - x. Let m = l - -45. Calculate the greatest common factor of 6 and m.
6
Suppose -4*p = -3 - 57. Suppose -2*l - 22 = -3*o, 0 = -4*o - 3*l + 14 + 4. Calculate the greatest common factor of o and p.
3
Let v(b) = -2*b**2 - 30*b + 39. Let l be v(-16). What is the greatest common factor of 77 and l?
7
Let j = -243 + 404. Let h = 345 - j. Suppose -h = -d - d. Calculate the highest common factor of 23 and d.
23
Let p = 22 - 15. Calculate the highest common divisor of 35 and p.
7
Let s(i) = -i**3 - 9*i**2 + 11*i + 9. Let k be s(-10). Let p be k - (-22)/(-4)*-2. Calculate the highest common factor of p and 2.
2
Let k be 51 - (80/(-5))/4. Calculate the highest common factor of 22 and k.
11
Let n be -60*(-3 + (-13)/(-5)). Calculate the highest common factor of n and 48.
24
Suppose y - b = 3, -y + 2*b - 2 = -5. Suppose 0*n + 6 = -y*n. Let r be -26*(n - 6/(-4)). Calculate the greatest common factor of r and 39.
13
Let x be -3*(0 + 1 + -31). Suppose s = 2, -s + 2 = 3*v + 18. Let c be (-2)/3 - 64/v. What is the highest common factor of x and c?
10
Let y = 14 - 10. Suppose 7*k = y*k + 15. Suppose k = -5*h + 40. What is the highest common factor of 77 and h?
7
Suppose -5 - 4 = -r - 2*u, 3 = r - u. What is the greatest common factor of 15 and r?
5
Suppose -7*c + 3*c = -40. Let h(i) = i**2 + 30. Let n = 1 + -1. Let g be h(n). What is the greatest common factor of g and c?
10
Let r(i) = 5*i**2 - i + 5. Let m be r(2). What is the greatest common divisor of 23 and m?
23
Let h be 5/20 + 486/8. Suppose 4*t + 20 = -3*i + h, i - 35 = 4*t. Let b = i - 9. What is the highest common divisor of b and 80?
10
Let a = -81 + 378. What is the greatest common divisor of a and 27?
27
Let l = 29 + -14. Let g = 139 - 79. What is the highest common factor of l and g?
15
Let a = 47 - 34. Let k be 4/(-10) + 240/(-25). Let m be (-4)/6*975/k. What is the greatest common divisor of m and a?
13
Let a be 1/1 + 0 - 42/(-3). What is the highest common factor of a and 120?
15
Let m(d) = -4*d**2 - 3*d. Let s be m(-2). Let c(b) = b**2 + 10*b + 8. Let k be c(-8). Let v = k - s. What is the highest common divisor of 18 and v?
2
Let r(b) = b**3 - 2*b**2 + 4. Let p be r(2). What is the greatest common factor of 32 and p?
4
Let p be (-1 + (-22)/3)*(-7 + 4). Let s be (-1)/(-1 - (-8)/10). Calculate the greatest common factor of p and s.
5
Suppose 3*d + 4*m - 17 = 0, -6*d + 2*d = -5*m + 29. Let s be 17 + (1 - 0)*d. What is the highest common divisor of 128 and s?
16
Suppose -3*s + 217 = -2*s. Calculate the greatest common factor of s and 31.
31
Let g(b) = -b**2 + 24*b - 3. Let z be g(13). Calculate the greatest common divisor of 35 and z.
35
Let f(p) = -p**2 - 2 + 0*p**2 + 1 - 8*p. Let d be f(-7). Suppose 3*a - 2*s = 84, a - d*a + 5*s = -145. What is the greatest common factor of 39 and a?
13
Let x(g) = -g**3 + g**2 - 4. Let o be x(0). Let q = o - -10. What is the greatest common divisor of 15 and q?
3
Suppose -p + 3 = 5*r, 14 = -5*r + 5*p - 1. Suppose -426 + 151 = -2*h - 5*n, 3*h + 5*n - 415 = r. Calculate the highest common factor of h and 20.
20
Let o be 3*(0 - 4/(-3)). Suppose 0 = o*x + c - 4, 0*c = 5*x + c - 6. Let w(q) = -q - 12. Let u be w(-13). Calculate the greatest common divisor of x and u.
1
Let k(l) = -l**3 + 4*l**2 - 3*l - 1. Let j(g) = g + 1. Let m(b) = -j(b) - k(b). Let z be m(4). What is the highest common divisor of 72 and z?
8
Suppose -4*b + 78 - 20 = 2*a, 3*a + 30 = 3*b. Let w = 39 - b. What is the highest common divisor of 65 and w?
13
Let z = 70 - 60. Calculate the greatest common divisor of z and 70.
10
Suppose 7 = 3*u - 2. Let x be (u + -2)/(2/22). Calculate the highest common factor of x and 77.
11
Suppose 5*n - 9*n + 112 = 0. Suppose 3*p = p + 14. What is the highest common factor of n and p?
7
Let n(z) = z**3 + 11*z**2 + 9*z + 6. Let a be n(-9). Calculate the highest common factor of 29 and a.
29
Let j be (-7 - -11) + 1/1. Calculate the highest common divisor of j and 10.
5
Let w(y) = -y**3 - 3*y + y**2 + 3 - 6*y**2 + 7*y. Let c be w(-6). What is the highest common factor of c and 3?
3
Let s(u) = u**3 - 3*u + 2. Let k be s(2). Calculate the greatest common factor of 2 and k.
2
Let c(k) = -5*k. Let m be c(-1). Suppose -d + q + 77 = 0, 0 = -d + m*d + 4*q - 308. What is the highest common divisor of d and 11?
11
Suppose 20 = 5*s - 30. Let a be s - 0/(-3 + 6). What is the highest common factor of a and 30?
10
Let x(z) be the second derivative of 34*z**3/3 + 3*z**2/2 + 2*z. Let s be x(3). Suppose 6*y - 115 = y. What is the greatest common divisor of y and s?
23
Let i = -16 - -8. Let w(d) = -d**3 - 8*d**2 - 2*d - 8. Let y be w(i). What is the greatest common factor of y and 32?
8
Let s = -8 + -111. Let u be s/(-3) + (-4)/(-12). Suppose -2*f - 2*f + 240 = 0. What is the highest common divisor of f and u?
20
Suppose q - 1 = 3*p, -3*q + 4*p + 5 + 8 = 0. Suppose q*d = 4*d + 195. What is the highest common divisor of d and 26?
13
Let y = -4 - -6. Let i be 27/3 - (y + -2). Suppose -w - i = -93. What is the greatest common factor of 12 and w?
12
Let k(f) = -3*f. Let n be k(-3). Let o = -2 + n. Suppose 4*t = 8*x - 3*x + 216, -5*x + 78 = 2*t. Calculate the greatest common divisor of o and t.
7
Let l(u) = -4*u**3 - u**2 + 1. Let h be l(-1). Let t = h - -1. Suppose 4*n - t*s = 220, -5*n + 4*n + 3*s = -48. What is the highest common factor of n and 24?
12
Suppose -t = 5*j + 22, 3*t - j + 3 = 1. Let u be t/(-2) - 12/(-12). What is the greatest common factor of 2 